n 260079 is divided by 244?
219
Calculate the remainder when 261822 is divided by 3685.
187
Calculate the remainder when 18568728 is divided by 6189563.
39
Calculate the remainder when 234784 is divided by 8152.
6528
Calculate the remainder when 608409 is divided by 95.
29
Calculate the remainder when 827603159 is divided by 24.
23
Calculate the remainder when 169088 is divided by 24050.
738
Calculate the remainder when 9636641 is divided by 5209.
5200
Calculate the remainder when 1879331 is divided by 36847.
134
What is the remainder when 1521568 is divided by 760779?
10
What is the remainder when 227896 is divided by 2743?
227
What is the remainder when 9359 is divided by 4062?
1235
What is the remainder when 396922 is divided by 2169?
2164
Calculate the remainder when 406190 is divided by 63.
29
What is the remainder when 12655638 is divided by 2096?
2086
Calculate the remainder when 573103381 is divided by 28.
25
What is the remainder when 462314 is divided by 283?
175
Calculate the remainder when 4064650 is divided by 3178.
3166
What is the remainder when 1568515 is divided by 1217?
1019
What is the remainder when 5091665 is divided by 2893?
2878
Calculate the remainder when 103561685 is divided by 23.
22
What is the remainder when 497492 is divided by 726?
182
What is the remainder when 49643162 is divided by 143?
140
What is the remainder when 509673 is divided by 22156?
85
Calculate the remainder when 3073982 is divided by 166.
160
Calculate the remainder when 2730 is divided by 399.
336
Calculate the remainder when 146165971 is divided by 357374.
5
What is the remainder when 50542 is divided by 49436?
1106
Calculate the remainder when 13424234 is divided by 49.
47
What is the remainder when 24635987 is divided by 547466?
17
Calculate the remainder when 2447016 is divided by 709.
257
Calculate the remainder when 4202452 is divided by 416.
20
Calculate the remainder when 2282190 is divided by 760694.
108
Calculate the remainder when 25024 is divided by 3138.
3058
What is the remainder when 31864086 is divided by 109?
7
Calculate the remainder when 7523132 is divided by 2380.
2332
What is the remainder when 17757760 is divided by 286415?
30
What is the remainder when 3298169 is divided by 549690?
29
What is the remainder when 25696667 is divided by 2189?
2185
What is the remainder when 7874 is divided by 673?
471
Calculate the remainder when 1510050 is divided by 140.
10
What is the remainder when 96488527 is divided by 606?
601
What is the remainder when 16097751 is divided by 16097723?
28
Calculate the remainder when 4712385 is divided by 63.
48
What is the remainder when 77391 is divided by 538?
457
What is the remainder when 8881947 is divided by 69390?
27
Calculate the remainder when 139368479 is divided by 21.
5
Calculate the remainder when 106946038 is divided by 128.
118
Calculate the remainder when 252133 is divided by 522.
7
Calculate the remainder when 578646 is divided by 11321.
1275
What is the remainder when 9618234 is divided by 57?
54
Calculate the remainder when 1254166 is divided by 685.
616
Calculate the remainder when 3516081 is divided by 45072.
465
What is the remainder when 20036325 is divided by 393?
6
Calculate the remainder when 5292908 is divided by 32875.
33
Calculate the remainder when 8655426 is divided by 1717.
29
Calculate the remainder when 539176 is divided by 3938.
3608
What is the remainder when 96287726 is divided by 68?
66
What is the remainder when 2695322 is divided by 109?
79
Calculate the remainder when 5246309 is divided by 180907.
6
What is the remainder when 19003570 is divided by 567?
565
What is the remainder when 53567907 is divided by 83051?
12
What is the remainder when 995898 is divided by 196?
22
What is the remainder when 377072 is divided by 15?
2
What is the remainder when 132302 is divided by 4134?
14
Calculate the remainder when 136550527 is divided by 407.
399
What is the remainder when 57136 is divided by 5870?
4306
Calculate the remainder when 42198136 is divided by 447.
442
Calculate the remainder when 72327674 is divided by 2432.
2426
What is the remainder when 142063977 is divided by 3516?
3513
Calculate the remainder when 676815 is divided by 2479.
48
What is the remainder when 6355877 is divided by 32932?
1
Calculate the remainder when 242557739 is divided by 2430.
2429
What is the remainder when 327119 is divided by 1056?
815
Calculate the remainder when 1659450 is divided by 122.
6
Calculate the remainder when 5939847 is divided by 55.
12
Calculate the remainder when 929279 is divided by 789.
626
Calculate the remainder when 69721610 is divided by 3476.
2
What is the remainder when 1987277 is divided by 993621?
35
Calculate the remainder when 188135 is divided by 3357.
143
Calculate the remainder when 29054831 is divided by 475.
31
Calculate the remainder when 40003 is divided by 13226.
325
Calculate the remainder when 330021 is divided by 164935.
151
Calculate the remainder when 555205 is divided by 10886.
19
Calculate the remainder when 88750 is divided by 191.
126
Calculate the remainder when 4037 is divided by 83.
53
Calculate the remainder when 3032008 is divided by 23.
10
Calculate the remainder when 3871163 is divided by 27.
11
What is the remainder when 62283597 is divided by 141?
90
Calculate the remainder when 421026982 is divided by 404.
402
Calculate the remainder when 1656073 is divided by 2788.
1
What is the remainder when 931332 is divided by 2772?
2712
Calculate the remainder when 8525886 is divided by 78219.
15
What is the remainder when 20038521 is divided by 915?
21
What is the remainder when 39059545 is divided by 3004580?
5
What is the remainder when 12704494 is divided by 48?
46
Calculate the remainder when 3124692 is divided by 269.
257
Calculate the remainder when 15383181 is divided by 5409.
5394
What is the remainder when 16643074 is divided by 20?
14
What is the remainder when 785047 is divided by 3812?
3587
Calculate the remainder when 16057605 is divided by 514.
245
Calculate the remainder when 866179 is divided by 86614.
39
Calculate the remainder when 4063108 is divided by 110.
38
What is the remainder when 5581 is divided by 1894?
1793
Calculate the remainder when 275747342 is divided by 68936832.
14
Calculate the remainder when 6351683 is divided by 635168.
3
What is the remainder when 334899 is divided by 425?
424
What is the remainder when 52861 is divided by 3871?
2538
Calculate the remainder when 1057322 is divided by 1171.
1080
What is the remainder when 74205 is divided by 30963?
12279
What is the remainder when 137409 is divided by 34287?
261
Calculate the remainder when 117639 is divided by 116762.
877
Calculate the remainder when 595397 is divided by 444.
437
What is the remainder when 22162631 is divided by 22162627?
4
Calculate the remainder when 757947 is divided by 39.
21
Calculate the remainder when 3158 is divided by 127.
110
Calculate the remainder when 4910325 is divided by 157.
150
What is the remainder when 5634287 is divided by 79356?
11
What is the remainder when 147215 is divided by 423?
11
Calculate the remainder when 4157459 is divided by 3342.
11
Calculate the remainder when 168085966 is divided by 8.
6
Calculate the remainder when 11256 is divided by 867.
852
What is the remainder when 3328219 is divided by 475441?
132
Calculate the remainder when 1876422 is divided by 938209.
4
What is the remainder when 572793 is divided by 272?
233
What is the remainder when 238043 is divided by 495?
443
Calculate the remainder when 442716682 is divided by 746.
744
Calculate the remainder when 22052762 is divided by 1160671.
13
Calculate the remainder when 165546604 is divided by 1005.
994
What is the remainder when 31464582 is divided by 10612?
2
What is the remainder when 75664 is divided by 4898?
2194
What is the remainder when 24335319 is divided by 29?
27
Calculate the remainder when 1483802 is divided by 419.
123
Calculate the remainder when 109546499 is divided by 82.
75
What is the remainder when 1425597 is divided by 177798?
3213
Calculate the remainder when 1799111 is divided by 149888.
455
What is the remainder when 1360131 is divided by 226659?
177
What is the remainder when 37298843 is divided by 821?
813
What